{"id":45,"date":"2021-05-05T15:33:17","date_gmt":"2021-05-05T13:33:17","guid":{"rendered":"http:\/\/www.pressinglesarcades.com\/?page_id=45"},"modified":"2021-06-07T11:39:22","modified_gmt":"2021-06-07T09:39:22","slug":"le-nettoyage-a-leau","status":"publish","type":"page","link":"https:\/\/www.pressinglesarcades.com\/index.php\/accueil-du-pressing-les-arcades\/le-nettoyage-a-leau\/","title":{"rendered":"LE NETTOYAGE \u00c0 L\u2019EAU"},"content":{"rendered":"\n<div class=\"row\"  id=\"row-183862068\">\n\n\n\t<div id=\"col-1079445257\" class=\"col small-12 large-12\"  >\n\t\t\t\t<div class=\"col-inner\"  >\n\t\t\t\n\t\t\t\n\n\t<div id=\"gap-128752868\" class=\"gap-element clearfix\" style=\"display:block; height:auto;\">\n\t\t\n<style>\n#gap-128752868 {\n  padding-top: 30px;\n}\n<\/style>\n\t<\/div>\n\t\n\n  <div id=\"page-header-530651227\" class=\"page-header-wrapper\">\n  <div class=\"page-title dark featured-title\">\n\n        <div class=\"page-title-bg\">\n      <div class=\"title-bg fill bg-fill\"\n        data-parallax-container=\".page-title\"\n        data-parallax-background\n        data-parallax=\"-\">\n      <\/div>\n      <div class=\"title-overlay fill\"><\/div>\n    <\/div>\n    \n    <div class=\"page-title-inner container align-center text-center flex-row-col medium-flex-wrap\" >\n              <div class=\"title-wrapper flex-col\">\n          <h1 class=\"entry-title mb-0\">\n            LE NETTOYAGE \u00c0 L\u2019EAU          <\/h1>\n        <\/div>\n                    <div class=\"title-content flex-col\">\n        <div class=\"title-breadcrumbs pb-half pt-half\"><\/div>      <\/div>\n    <\/div>\n\n     \n<style>\n#page-header-530651227 .title-bg {\n  background-image: url(https:\/\/www.pressinglesarcades.com\/wp-content\/uploads\/2021\/05\/aquanet_eau_pressing_les_arcades.jpeg);\n  background-position: 29% 100%;\n}\n#page-header-530651227 .title-overlay {\n  background-color: rgba(0, 0, 0, 0.27);\n}\n<\/style>\n  <\/div>\n    <\/div>\n  \n\n\t<div id=\"gap-192190426\" class=\"gap-element clearfix\" style=\"display:block; height:auto;\">\n\t\t\n<style>\n#gap-192190426 {\n  padding-top: 30px;\n}\n<\/style>\n\t<\/div>\n\t\n\n<div class=\"row\"  id=\"row-349258759\">\n\n\n\t<div id=\"col-1934261523\" class=\"col medium-8 small-12 large-8\"  >\n\t\t\t\t<div class=\"col-inner\"  >\n\t\t\t\n\t\t\t\n\n<h2 style=\"text-align: center;\">Un nettoyage nouvelle g\u00e9n\u00e9ration :<br \/>Le syst\u00e8me Aquanett<\/h2>\n<p style=\"text-align: center;\">Ce proc\u00e9d\u00e9 de nettoyage \u00e0 l\u2019eau, d\u00e9velopp\u00e9 par les allemands Miele et Kreussler, allie propret\u00e9 des textiles et respect de l\u2019environnement.<br \/>Le syst\u00e8me Aquanett, respectueux de l\u2019environnement,t\u00e9moigne d\u2019une nouvelle philosophie du pressing \u00e0 l\u2019efficacit\u00e9 optimale et prouv\u00e9e.<\/p>\n<ul>\n<li style=\"text-align: center;\">Une propret\u00e9 irr\u00e9prochable : 95% des v\u00eatements trait\u00e9s \u00e0 sec peuvent \u00eatre trait\u00e9s avec ce nouveau syst\u00e8me. Pratiquement toutes les t\u00e2ches grasses, maigres et d\u2019origine pigmentaire sont \u00e9limin\u00e9es.<\/li>\n<li style=\"text-align: center;\">Une agr\u00e9able fra\u00eecheur odorante : Outre les t\u00e2ches et les salissures, le nettoyage des v\u00eatements \u00e0 l\u2019eau du syst\u00e8me Aquanett permet d\u00e9sormais l\u2019\u00e9limination de la sueur et des mauvaises odeurs. Les v\u00eatements sont vraiment propres et d\u00e9gagent d\u00e9sormais une fra\u00eecheur odorante agr\u00e9able.<\/li>\n<\/ul>\n\n\t\t<\/div>\n\t\t\t\t\t<\/div>\n\n\t\n\n\t<div id=\"col-183872805\" class=\"col medium-4 small-12 large-4\"  >\n\t\t\t\t<div class=\"col-inner\" style=\"background-color:rgb(255,255,255);\" >\n\t\t\t\n\t\t\t\n\n\t<div class=\"img has-hover x md-x lg-x y md-y lg-y\" id=\"image_513204398\">\n\t\t\t\t\t\t\t\t<div class=\"img-inner dark\" >\n\t\t\t<img width=\"1020\" height=\"574\" src=\"https:\/\/www.pressinglesarcades.com\/wp-content\/uploads\/2021\/05\/pressingSplash675-1024x576.jpeg\" class=\"attachment-large size-large\" alt=\"\" loading=\"lazy\" srcset=\"https:\/\/www.pressinglesarcades.com\/wp-content\/uploads\/2021\/05\/pressingSplash675-1024x576.jpeg 1024w, https:\/\/www.pressinglesarcades.com\/wp-content\/uploads\/2021\/05\/pressingSplash675-300x169.jpeg 300w, https:\/\/www.pressinglesarcades.com\/wp-content\/uploads\/2021\/05\/pressingSplash675-768x432.jpeg 768w, https:\/\/www.pressinglesarcades.com\/wp-content\/uploads\/2021\/05\/pressingSplash675.jpeg 1200w\" sizes=\"(max-width: 1020px) 100vw, 1020px\" \/>\t\t\t\t\t\t\n\t\t\t\t\t<\/div>\n\t\t\t\t\t\t\t\t\n<style>\n#image_513204398 {\n  width: 100%;\n}\n<\/style>\n\t<\/div>\n\t\n\n\n\t\t<\/div>\n\t\t\t\t\n<style>\n#col-183872805 > .col-inner {\n  padding: 20px 20px 20px 20px;\n}\n<\/style>\n\t<\/div>\n\n\t\n\n<\/div>\n\n\t\t<\/div>\n\t\t\t\t\t<\/div>\n\n\t\n\n<\/div>\n<div class=\"row\"  id=\"row-1307523364\">\n\n\n\t<div id=\"col-883475306\" class=\"col small-12 large-12\"  >\n\t\t\t\t<div class=\"col-inner\" style=\"background-color:rgb(163, 163, 163);\" >\n\t\t\t\n\t\t\t\n\n<div class=\"row\"  id=\"row-1018941311\">\n\n\n\t<div id=\"col-1821241112\" class=\"col medium-6 small-12 large-6\"  >\n\t\t\t\t<div class=\"col-inner\"  >\n\t\t\t\n\t\t\t\n\n<h3>Le processus de nettoyage<\/h3>\n<p>Apr\u00e8s que vous nous ayez confi\u00e9 votre linge, celui-ci est imm\u00e9diatement tri\u00e9 par couleur et par mati\u00e8re.<br \/>Les v\u00eatements sont ensuite soigneusement examin\u00e9s pour \u00eatre \u00ab\u00a0pr\u00e9-bross\u00e9s\u00a0\u00bb et d\u00e9tach\u00e9s avant le lavage<br \/>Deux machines \u00e0 laver professionnelles vont pomper le produit de lavage dans un r\u00e9servoir diff\u00e9rent en fonction de chaque mati\u00e8re \u00e0 laver ; la programmation informatique se fait directement sur la machine. : 20 mn \u00e0 24\u00b0 pour un respect des mati\u00e8res et des couleurs.<br \/>Vos v\u00eatement passent ensuite au s\u00eache linge et terminent de s\u00eacher \u00e0 l\u2019air libre.<br \/>Puis vient le temps du repassage et du contr\u00f4le qualit\u00e9, avant de vous les remettre.<\/p>\n\n\t\t<\/div>\n\t\t\t\t\n<style>\n#col-1821241112 > .col-inner {\n  padding: 30px 20px 30px 30px;\n  margin: 30px 0px 0px 0px;\n}\n<\/style>\n\t<\/div>\n\n\t\n\n\t<div id=\"col-1552022879\" class=\"col medium-6 small-12 large-6\"  >\n\t\t\t\t<div class=\"col-inner text-center\" style=\"background-color:rgb(255, 255, 255);\" >\n\t\t\t\n\t\t\t\n\n<div class=\"slider-wrapper relative\" id=\"slider-336162953\" >\n    <div class=\"slider slider-nav-circle slider-nav-large slider-nav-light slider-style-normal\"\n        data-flickity-options='{\n            \"cellAlign\": \"center\",\n            \"imagesLoaded\": true,\n            \"lazyLoad\": 1,\n            \"freeScroll\": false,\n            \"wrapAround\": true,\n            \"autoPlay\": 6000,\n            \"pauseAutoPlayOnHover\" : true,\n            \"prevNextButtons\": true,\n            \"contain\" : true,\n            \"adaptiveHeight\" : true,\n            \"dragThreshold\" : 10,\n            \"percentPosition\": true,\n            \"pageDots\": true,\n            \"rightToLeft\": false,\n            \"draggable\": true,\n            \"selectedAttraction\": 0.1,\n            \"parallax\" : 0,\n            \"friction\": 0.6        }'\n        >\n        \n\n\t<div class=\"img has-hover x md-x lg-x y md-y lg-y\" id=\"image_1604344703\">\n\t\t\t\t\t\t\t\t<div class=\"img-inner dark\" >\n\t\t\t<img width=\"800\" height=\"800\" src=\"https:\/\/www.pressinglesarcades.com\/wp-content\/uploads\/2021\/05\/processus_lavage_0_pressing_les_arcades.jpeg\" class=\"attachment-large size-large\" alt=\"\" loading=\"lazy\" srcset=\"https:\/\/www.pressinglesarcades.com\/wp-content\/uploads\/2021\/05\/processus_lavage_0_pressing_les_arcades.jpeg 800w, https:\/\/www.pressinglesarcades.com\/wp-content\/uploads\/2021\/05\/processus_lavage_0_pressing_les_arcades-300x300.jpeg 300w, https:\/\/www.pressinglesarcades.com\/wp-content\/uploads\/2021\/05\/processus_lavage_0_pressing_les_arcades-150x150.jpeg 150w, https:\/\/www.pressinglesarcades.com\/wp-content\/uploads\/2021\/05\/processus_lavage_0_pressing_les_arcades-768x768.jpeg 768w\" sizes=\"(max-width: 800px) 100vw, 800px\" \/>\t\t\t\t\t\t\n\t\t\t\t\t<\/div>\n\t\t\t\t\t\t\t\t\n<style>\n#image_1604344703 {\n  width: 60%;\n}\n<\/style>\n\t<\/div>\n\t\n\n\t<div class=\"img has-hover x md-x lg-x y md-y lg-y\" id=\"image_1742740915\">\n\t\t\t\t\t\t\t\t<div class=\"img-inner dark\" >\n\t\t\t<img width=\"800\" height=\"800\" src=\"https:\/\/www.pressinglesarcades.com\/wp-content\/uploads\/2021\/05\/processus_lavage_1_pressing_les_arcades.jpeg\" class=\"attachment-large size-large\" alt=\"\" loading=\"lazy\" srcset=\"https:\/\/www.pressinglesarcades.com\/wp-content\/uploads\/2021\/05\/processus_lavage_1_pressing_les_arcades.jpeg 800w, https:\/\/www.pressinglesarcades.com\/wp-content\/uploads\/2021\/05\/processus_lavage_1_pressing_les_arcades-300x300.jpeg 300w, https:\/\/www.pressinglesarcades.com\/wp-content\/uploads\/2021\/05\/processus_lavage_1_pressing_les_arcades-150x150.jpeg 150w, https:\/\/www.pressinglesarcades.com\/wp-content\/uploads\/2021\/05\/processus_lavage_1_pressing_les_arcades-768x768.jpeg 768w\" sizes=\"(max-width: 800px) 100vw, 800px\" \/>\t\t\t\t\t\t\n\t\t\t\t\t<\/div>\n\t\t\t\t\t\t\t\t\n<style>\n#image_1742740915 {\n  width: 100%;\n}\n<\/style>\n\t<\/div>\n\t\n\n\t<div class=\"img has-hover x md-x lg-x y md-y lg-y\" id=\"image_822109782\">\n\t\t\t\t\t\t\t\t<div class=\"img-inner dark\" >\n\t\t\t<img width=\"800\" height=\"800\" src=\"https:\/\/www.pressinglesarcades.com\/wp-content\/uploads\/2021\/05\/processus_lavage_3_pressing_les_arcades.jpeg\" class=\"attachment-large size-large\" alt=\"\" loading=\"lazy\" srcset=\"https:\/\/www.pressinglesarcades.com\/wp-content\/uploads\/2021\/05\/processus_lavage_3_pressing_les_arcades.jpeg 800w, https:\/\/www.pressinglesarcades.com\/wp-content\/uploads\/2021\/05\/processus_lavage_3_pressing_les_arcades-300x300.jpeg 300w, https:\/\/www.pressinglesarcades.com\/wp-content\/uploads\/2021\/05\/processus_lavage_3_pressing_les_arcades-150x150.jpeg 150w, https:\/\/www.pressinglesarcades.com\/wp-content\/uploads\/2021\/05\/processus_lavage_3_pressing_les_arcades-768x768.jpeg 768w\" sizes=\"(max-width: 800px) 100vw, 800px\" \/>\t\t\t\t\t\t\n\t\t\t\t\t<\/div>\n\t\t\t\t\t\t\t\t\n<style>\n#image_822109782 {\n  width: 100%;\n}\n<\/style>\n\t<\/div>\n\t\n\n\t<div class=\"img has-hover x md-x lg-x y md-y lg-y\" id=\"image_1430694477\">\n\t\t\t\t\t\t\t\t<div class=\"img-inner dark\" >\n\t\t\t<img width=\"800\" height=\"800\" src=\"https:\/\/www.pressinglesarcades.com\/wp-content\/uploads\/2021\/05\/processus_lavage_4_pressing_les_arcades.jpeg\" class=\"attachment-large size-large\" alt=\"\" loading=\"lazy\" srcset=\"https:\/\/www.pressinglesarcades.com\/wp-content\/uploads\/2021\/05\/processus_lavage_4_pressing_les_arcades.jpeg 800w, https:\/\/www.pressinglesarcades.com\/wp-content\/uploads\/2021\/05\/processus_lavage_4_pressing_les_arcades-300x300.jpeg 300w, https:\/\/www.pressinglesarcades.com\/wp-content\/uploads\/2021\/05\/processus_lavage_4_pressing_les_arcades-150x150.jpeg 150w, https:\/\/www.pressinglesarcades.com\/wp-content\/uploads\/2021\/05\/processus_lavage_4_pressing_les_arcades-768x768.jpeg 768w\" sizes=\"(max-width: 800px) 100vw, 800px\" \/>\t\t\t\t\t\t\n\t\t\t\t\t<\/div>\n\t\t\t\t\t\t\t\t\n<style>\n#image_1430694477 {\n  width: 100%;\n}\n<\/style>\n\t<\/div>\n\t\n\n\t<div class=\"img has-hover x md-x lg-x y md-y lg-y\" id=\"image_847777680\">\n\t\t\t\t\t\t\t\t<div class=\"img-inner dark\" >\n\t\t\t<img width=\"800\" height=\"800\" src=\"https:\/\/www.pressinglesarcades.com\/wp-content\/uploads\/2021\/05\/processus_lavage_5_pressing_les_arcades.jpeg\" class=\"attachment-large size-large\" alt=\"\" loading=\"lazy\" srcset=\"https:\/\/www.pressinglesarcades.com\/wp-content\/uploads\/2021\/05\/processus_lavage_5_pressing_les_arcades.jpeg 800w, https:\/\/www.pressinglesarcades.com\/wp-content\/uploads\/2021\/05\/processus_lavage_5_pressing_les_arcades-300x300.jpeg 300w, https:\/\/www.pressinglesarcades.com\/wp-content\/uploads\/2021\/05\/processus_lavage_5_pressing_les_arcades-150x150.jpeg 150w, https:\/\/www.pressinglesarcades.com\/wp-content\/uploads\/2021\/05\/processus_lavage_5_pressing_les_arcades-768x768.jpeg 768w\" sizes=\"(max-width: 800px) 100vw, 800px\" \/>\t\t\t\t\t\t\n\t\t\t\t\t<\/div>\n\t\t\t\t\t\t\t\t\n<style>\n#image_847777680 {\n  width: 100%;\n}\n<\/style>\n\t<\/div>\n\t\n\n\t<div class=\"img has-hover x md-x lg-x y md-y lg-y\" id=\"image_8450377\">\n\t\t\t\t\t\t\t\t<div class=\"img-inner dark\" >\n\t\t\t<img width=\"800\" height=\"800\" src=\"https:\/\/www.pressinglesarcades.com\/wp-content\/uploads\/2021\/05\/processus_lavage_8_pressing_les_arcades.jpeg\" class=\"attachment-large size-large\" alt=\"\" loading=\"lazy\" srcset=\"https:\/\/www.pressinglesarcades.com\/wp-content\/uploads\/2021\/05\/processus_lavage_8_pressing_les_arcades.jpeg 800w, https:\/\/www.pressinglesarcades.com\/wp-content\/uploads\/2021\/05\/processus_lavage_8_pressing_les_arcades-300x300.jpeg 300w, https:\/\/www.pressinglesarcades.com\/wp-content\/uploads\/2021\/05\/processus_lavage_8_pressing_les_arcades-150x150.jpeg 150w, https:\/\/www.pressinglesarcades.com\/wp-content\/uploads\/2021\/05\/processus_lavage_8_pressing_les_arcades-768x768.jpeg 768w\" sizes=\"(max-width: 800px) 100vw, 800px\" \/>\t\t\t\t\t\t\n\t\t\t\t\t<\/div>\n\t\t\t\t\t\t\t\t\n<style>\n#image_8450377 {\n  width: 100%;\n}\n<\/style>\n\t<\/div>\n\t\n\n\n     <\/div>\n\n     <div class=\"loading-spin dark large centered\"><\/div>\n\n     \t<\/div>\n\n\n\n\t\t<\/div>\n\t\t\t\t\n<style>\n#col-1552022879 > .col-inner {\n  padding: 30px 30px 30px 30px;\n  margin: 20px 20px 20px 1px;\n}\n<\/style>\n\t<\/div>\n\n\t\n\n\n<style>\n#row-1018941311 > .col > .col-inner {\n  background-color: rgb(163, 163, 163);\n}\n<\/style>\n<\/div>\n\n\t\t<\/div>\n\t\t\t\t\t<\/div>\n\n\t\n\n\n<style>\n#row-1307523364 > .col > .col-inner {\n  padding: 0px 40px 0px 0px;\n}\n<\/style>\n<\/div>\n\n","protected":false},"excerpt":{"rendered":"","protected":false},"author":1,"featured_media":0,"parent":14,"menu_order":0,"comment_status":"closed","ping_status":"closed","template":"page-blank.php","meta":{"_monsterinsights_skip_tracking":false,"_monsterinsights_sitenote_active":false,"_monsterinsights_sitenote_note":"","_monsterinsights_sitenote_category":0},"yoast_head":"<!-- This site is optimized with the Yoast SEO plugin v20.6 - https:\/\/yoast.com\/wordpress\/plugins\/seo\/ -->\n<title>LE NETTOYAGE \u00c0 L\u2019EAU - Pressing les arcades<\/title>\n<meta name=\"robots\" content=\"index, follow, max-snippet:-1, max-image-preview:large, max-video-preview:-1\" \/>\n<link rel=\"canonical\" href=\"https:\/\/www.pressinglesarcades.com\/index.php\/accueil-du-pressing-les-arcades\/le-nettoyage-a-leau\/\" \/>\n<meta property=\"og:locale\" content=\"fr_FR\" \/>\n<meta property=\"og:type\" content=\"article\" \/>\n<meta property=\"og:title\" content=\"LE NETTOYAGE \u00c0 L\u2019EAU - Pressing les arcades\" \/>\n<meta property=\"og:url\" content=\"https:\/\/www.pressinglesarcades.com\/index.php\/accueil-du-pressing-les-arcades\/le-nettoyage-a-leau\/\" \/>\n<meta property=\"og:site_name\" content=\"Pressing les arcades\" \/>\n<meta property=\"article:modified_time\" content=\"2021-06-07T09:39:22+00:00\" \/>\n<meta name=\"twitter:card\" content=\"summary_large_image\" \/>\n<meta name=\"twitter:label1\" content=\"Dur\u00e9e de lecture estim\u00e9e\" \/>\n\t<meta name=\"twitter:data1\" content=\"2 minutes\" \/>\n<script type=\"application\/ld+json\" class=\"yoast-schema-graph\">{\"@context\":\"https:\/\/schema.org\",\"@graph\":[{\"@type\":\"WebPage\",\"@id\":\"https:\/\/www.pressinglesarcades.com\/index.php\/accueil-du-pressing-les-arcades\/le-nettoyage-a-leau\/\",\"url\":\"https:\/\/www.pressinglesarcades.com\/index.php\/accueil-du-pressing-les-arcades\/le-nettoyage-a-leau\/\",\"name\":\"LE NETTOYAGE \u00c0 L\u2019EAU - Pressing les arcades\",\"isPartOf\":{\"@id\":\"https:\/\/www.pressinglesarcades.com\/#website\"},\"datePublished\":\"2021-05-05T13:33:17+00:00\",\"dateModified\":\"2021-06-07T09:39:22+00:00\",\"breadcrumb\":{\"@id\":\"https:\/\/www.pressinglesarcades.com\/index.php\/accueil-du-pressing-les-arcades\/le-nettoyage-a-leau\/#breadcrumb\"},\"inLanguage\":\"fr-FR\",\"potentialAction\":[{\"@type\":\"ReadAction\",\"target\":[\"https:\/\/www.pressinglesarcades.com\/index.php\/accueil-du-pressing-les-arcades\/le-nettoyage-a-leau\/\"]}]},{\"@type\":\"BreadcrumbList\",\"@id\":\"https:\/\/www.pressinglesarcades.com\/index.php\/accueil-du-pressing-les-arcades\/le-nettoyage-a-leau\/#breadcrumb\",\"itemListElement\":[{\"@type\":\"ListItem\",\"position\":1,\"name\":\"Accueil\",\"item\":\"https:\/\/www.pressinglesarcades.com\/\"},{\"@type\":\"ListItem\",\"position\":2,\"name\":\"Accueil\",\"item\":\"https:\/\/www.pressinglesarcades.com\/\"},{\"@type\":\"ListItem\",\"position\":3,\"name\":\"LE NETTOYAGE \u00c0 L\u2019EAU\"}]},{\"@type\":\"WebSite\",\"@id\":\"https:\/\/www.pressinglesarcades.com\/#website\",\"url\":\"https:\/\/www.pressinglesarcades.com\/\",\"name\":\"Pressing les arcades\",\"description\":\"\",\"potentialAction\":[{\"@type\":\"SearchAction\",\"target\":{\"@type\":\"EntryPoint\",\"urlTemplate\":\"https:\/\/www.pressinglesarcades.com\/?s={search_term_string}\"},\"query-input\":\"required name=search_term_string\"}],\"inLanguage\":\"fr-FR\"}]}<\/script>\n<!-- \/ Yoast SEO plugin. -->","yoast_head_json":{"title":"LE NETTOYAGE \u00c0 L\u2019EAU - Pressing les arcades","robots":{"index":"index","follow":"follow","max-snippet":"max-snippet:-1","max-image-preview":"max-image-preview:large","max-video-preview":"max-video-preview:-1"},"canonical":"https:\/\/www.pressinglesarcades.com\/index.php\/accueil-du-pressing-les-arcades\/le-nettoyage-a-leau\/","og_locale":"fr_FR","og_type":"article","og_title":"LE NETTOYAGE \u00c0 L\u2019EAU - Pressing les arcades","og_url":"https:\/\/www.pressinglesarcades.com\/index.php\/accueil-du-pressing-les-arcades\/le-nettoyage-a-leau\/","og_site_name":"Pressing les arcades","article_modified_time":"2021-06-07T09:39:22+00:00","twitter_card":"summary_large_image","twitter_misc":{"Dur\u00e9e de lecture estim\u00e9e":"2 minutes"},"schema":{"@context":"https:\/\/schema.org","@graph":[{"@type":"WebPage","@id":"https:\/\/www.pressinglesarcades.com\/index.php\/accueil-du-pressing-les-arcades\/le-nettoyage-a-leau\/","url":"https:\/\/www.pressinglesarcades.com\/index.php\/accueil-du-pressing-les-arcades\/le-nettoyage-a-leau\/","name":"LE NETTOYAGE \u00c0 L\u2019EAU - Pressing les arcades","isPartOf":{"@id":"https:\/\/www.pressinglesarcades.com\/#website"},"datePublished":"2021-05-05T13:33:17+00:00","dateModified":"2021-06-07T09:39:22+00:00","breadcrumb":{"@id":"https:\/\/www.pressinglesarcades.com\/index.php\/accueil-du-pressing-les-arcades\/le-nettoyage-a-leau\/#breadcrumb"},"inLanguage":"fr-FR","potentialAction":[{"@type":"ReadAction","target":["https:\/\/www.pressinglesarcades.com\/index.php\/accueil-du-pressing-les-arcades\/le-nettoyage-a-leau\/"]}]},{"@type":"BreadcrumbList","@id":"https:\/\/www.pressinglesarcades.com\/index.php\/accueil-du-pressing-les-arcades\/le-nettoyage-a-leau\/#breadcrumb","itemListElement":[{"@type":"ListItem","position":1,"name":"Accueil","item":"https:\/\/www.pressinglesarcades.com\/"},{"@type":"ListItem","position":2,"name":"Accueil","item":"https:\/\/www.pressinglesarcades.com\/"},{"@type":"ListItem","position":3,"name":"LE NETTOYAGE \u00c0 L\u2019EAU"}]},{"@type":"WebSite","@id":"https:\/\/www.pressinglesarcades.com\/#website","url":"https:\/\/www.pressinglesarcades.com\/","name":"Pressing les arcades","description":"","potentialAction":[{"@type":"SearchAction","target":{"@type":"EntryPoint","urlTemplate":"https:\/\/www.pressinglesarcades.com\/?s={search_term_string}"},"query-input":"required name=search_term_string"}],"inLanguage":"fr-FR"}]}},"_links":{"self":[{"href":"https:\/\/www.pressinglesarcades.com\/index.php\/wp-json\/wp\/v2\/pages\/45"}],"collection":[{"href":"https:\/\/www.pressinglesarcades.com\/index.php\/wp-json\/wp\/v2\/pages"}],"about":[{"href":"https:\/\/www.pressinglesarcades.com\/index.php\/wp-json\/wp\/v2\/types\/page"}],"author":[{"embeddable":true,"href":"https:\/\/www.pressinglesarcades.com\/index.php\/wp-json\/wp\/v2\/users\/1"}],"replies":[{"embeddable":true,"href":"https:\/\/www.pressinglesarcades.com\/index.php\/wp-json\/wp\/v2\/comments?post=45"}],"version-history":[{"count":9,"href":"https:\/\/www.pressinglesarcades.com\/index.php\/wp-json\/wp\/v2\/pages\/45\/revisions"}],"predecessor-version":[{"id":249,"href":"https:\/\/www.pressinglesarcades.com\/index.php\/wp-json\/wp\/v2\/pages\/45\/revisions\/249"}],"up":[{"embeddable":true,"href":"https:\/\/www.pressinglesarcades.com\/index.php\/wp-json\/wp\/v2\/pages\/14"}],"wp:attachment":[{"href":"https:\/\/www.pressinglesarcades.com\/index.php\/wp-json\/wp\/v2\/media?parent=45"}],"curies":[{"name":"wp","href":"https:\/\/api.w.org\/{rel}","templated":true}]}}